{"id":40,"date":"2021-08-25T15:27:45","date_gmt":"2021-08-25T13:27:45","guid":{"rendered":"https:\/\/eurocomfort-showroom.de\/index.php\/alice-page-site-settings\/"},"modified":"2026-03-16T14:29:11","modified_gmt":"2026-03-16T13:29:11","slug":"eurocomfort-showroom","status":"publish","type":"page","link":"https:\/\/eurocomfort-showroom.de\/","title":{"rendered":"EuroComfort Showroom"},"content":{"rendered":"<p>WELCOME TO<br \/>\nOUR SHOWROOM<\/p>\n<p>Unsere Produkte | Unsere Marken | Alles an einem Ort<\/p>\n<p>In unserem Showroom finden ab sofort die Kunden aus dem M\u00f6bel- und Bettenfachhandel auf rund 1.600 qm optimale Bedingungen f\u00fcr Informationen, Sortimentsauswahl und Entwicklungs-Gespr\u00e4che. Und das f\u00fcr alle Marken und Sortimente des Unternehmens: Von den Bettwaren \u00fcber Matratzen und Boxspringbetten bis hin zu den Ewald-Schillig-Polsterm\u00f6beln.<\/p>\n<p><a href=\"#tour\">360\u00b0 TOUR<\/a><a href=\"#kontakt\">Vereinbaren Sie einen Termin!<\/a><\/p>\n<p><a href=\"https:\/\/eurocomfort.de\/\" target=\"_blank\"><img decoding=\"async\" src=\"https:\/\/eurocomfort-showroom.de\/wp-content\/uploads\/2021\/08\/logo_200_eurocomfort.png\" \/><\/a><\/p>\n<p><a href=\"https:\/\/ewald-schillig.de\/\" target=\"_blank\"><img decoding=\"async\" src=\"https:\/\/eurocomfort-showroom.de\/wp-content\/uploads\/2021\/08\/logo_200_ewaldschillig.png\" \/><\/a><\/p>\n<p><a href=\"https:\/\/www.badenia-bettcomfort.de\/marken-produkte\/irisette\/\" target=\"_blank\"><img decoding=\"async\" src=\"https:\/\/eurocomfort-showroom.de\/wp-content\/uploads\/2021\/08\/logo_200_irisette.png\" \/><\/a><\/p>\n<p><a href=\"https:\/\/brinkhaus.de\/\" target=\"_blank\"><img decoding=\"async\" src=\"https:\/\/eurocomfort-showroom.de\/wp-content\/uploads\/2021\/08\/logo_200_brinkhaus.png\" \/><\/a><\/p>\n<p><a href=\"https:\/\/www.badenia-bettcomfort.de\/\" target=\"_blank\"><img decoding=\"async\" src=\"https:\/\/eurocomfort-showroom.de\/wp-content\/uploads\/2021\/08\/logo_200_badenia.png\" \/><\/a><\/p>\n<p><a href=\"https:\/\/www.lueck.de\/\" target=\"_blank\"><img decoding=\"async\" src=\"https:\/\/eurocomfort-showroom.de\/wp-content\/uploads\/2021\/08\/logo_200_lueck.png\" \/><\/a><\/p>\n<p>360\u00b0 Tour<br \/>\nErleben Sie unseren Showroom!<br \/>\n<!--div class=\"virtualtour\"&gt;&lt;\/div--><\/p>\n<p>Wohnen<br \/>\nSie haben den Showroom betreten<br \/>\nund sehen die Wohnwelt im Erdgeschoss.<\/p>\n<p>Schlafen<br \/>\nSie haben die Treppe zum Obergeschoss erklommen<br \/>\nund schauen in die Schlafwelt.<\/p>\n<p>Klicken und ziehen Sie die Maus, um sich im Raum umzusehen.<\/p>\n<p><img decoding=\"async\" src=\"https:\/\/eurocomfort-showroom.de\/wp-content\/uploads\/2021\/08\/virtualtour-help_1a.png\" \/><\/p>\n<p>Oder verwenden Sie die Pfeiltasten, um sich nach links und rechts zu bewegen.<\/p>\n<p>Klicken Sie auf die Ringe im Raum, um sich dorthin zu bewegen.<\/p>\n<p><img decoding=\"async\" src=\"https:\/\/eurocomfort-showroom.de\/wp-content\/uploads\/2021\/08\/virtualtour-help_2a.png\" \/><\/p>\n<p>Oder verwenden Sie die Pfeiltasten, um sich vorw\u00e4rts und r\u00fcckw\u00e4rts zu bewegen.<\/p>\n<p>Verwenden Sie das Scrollrad zum Vergr\u00f6\u00dfern und Verkleinern.<\/p>\n<p><img decoding=\"async\" src=\"https:\/\/eurocomfort-showroom.de\/wp-content\/uploads\/2021\/08\/virtualtour-help_3a.png\" \/><\/p>\n<p>Oder verwenden Sie die Plus- und Minus-Taste zum Vergr\u00f6\u00dfern und Verkleinern.<\/p>\n<p>Ihre Ansprechpartner<br \/>\n<!--div class=\"virtualtour\"&gt;&lt;\/div--><\/p>\n<p><!-- Reihe 1 --><br \/>\n<!-- #1a --><\/p>\n<p><img decoding=\"async\" src=\"https:\/\/eurocomfort-showroom.de\/wp-content\/uploads\/2021\/08\/aussendienst_torres.jpg\" \/><br \/>\nRafael Torres<\/p>\n<p>Export Director<\/p>\n<p>Tel.:<br \/>\n+ 49 28 71 219 70 &#8211; 21<br \/>\nMobil:<br \/>\n+ 49 173 2 096 871<\/p>\n<p><a href=\"mailto:r.torres@eurocomfort.de\">r.torres\u00ad@eurocomfort.de<\/a><\/p>\n<p><a href=\"#kontakt\">Termin \/ R\u00fcckruf <\/a><br \/>\n<!--p class=\"text-center\"&gt;[sx_button link=\"\" colors=\"A\" border=\"yes\"]Produkte in 360\u00b0 Tour [\/sx_button]&lt;\/p--><\/p>\n<p><!-- #1b --><\/p>\n<p><img decoding=\"async\" src=\"https:\/\/eurocomfort-showroom.de\/wp-content\/uploads\/2026\/03\/Markus-Langela.jpg\" \/><br \/>\nMarkus Langela<\/p>\n<p>Vertriebsleitung Rhombo-Medical \/ Objekt<\/p>\n<p>Tel.:<br \/>\n+ 49 2871 9979-627<\/p>\n<p><a href=\"mailto:m.langela@lueck.de\">m.langela@lueck.de<\/a><\/p>\n<p><a href=\"#kontakt\">Termin \/ R\u00fcckruf <\/a><\/p>\n<p><!-- #1c --><\/p>\n<p><img decoding=\"async\" src=\"https:\/\/eurocomfort-showroom.de\/wp-content\/uploads\/2023\/08\/Ralf-Werner-500x500px.jpg\" \/><br \/>\nRalf Werner<\/p>\n<p>Vertriebs\u00adleitung M\u00f6belhandel<\/p>\n<p>Tel.:<br \/>\n+49 2871 9979-27<br \/>\nMobil:<br \/>\n+49 162 136 77 86<\/p>\n<p><a href=\"mailto:r.werner\u00ad@lueck.de\">r.werner@lueck.de<\/a><\/p>\n<p><a href=\"#kontakt\">Termin \/ R\u00fcckruf <\/a><br \/>\n<!--p class=\"text-center\"&gt;[sx_button link=\"\" colors=\"A\" border=\"yes\"]Produkte in 360\u00b0 Tour [\/sx_button]&lt;\/p--><\/p>\n<p><!-- #1d --><\/p>\n<p><img decoding=\"async\" src=\"https:\/\/eurocomfort-showroom.de\/wp-content\/uploads\/2021\/11\/Alexander_Ernsting_500x500px.jpg\" \/><br \/>\nAlexander Ernsting<\/p>\n<p>Vertriebs\u00adleitung \/ Produkt\u00admanager Box\u00adspring\u00adbetten<\/p>\n<p>Tel.:<br \/>\n+49 2871 9979-644<br \/>\nMobil:<br \/>\n+49 173 209 68 70<\/p>\n<p><a href=\"mailto:a.ernsting@lueck.de\">a.ernsting\u00ad@lueck.de<\/a><\/p>\n<p><a href=\"#kontakt\">Termin \/ R\u00fcckruf <\/a><\/p>\n<p><!-- Reihe 2 --><\/p>\n<p><!-- #2a --><\/p>\n<p><img decoding=\"async\" src=\"https:\/\/eurocomfort-showroom.de\/wp-content\/uploads\/2021\/08\/aussendienst_stein.jpg\" \/><br \/>\nMichael Stein<\/p>\n<p>Au\u00dfen\u00addienst Badenia\/L\u00fcck (Hamburg, Schleswig-Holstein, Mitte- S\u00fcd-und \u00d6stliches Nieder\u00adsachsen, Nord Hessen)<\/p>\n<p>Tel.:<br \/>\n+49 780 889-0<br \/>\nMobil:<br \/>\n+49 1 607 003 022<\/p>\n<p><a href=\"mailto:m.stein@badenia-bettcomfort.de\">m.stein\u00ad@badenia-bettcomfort.de<\/a><br \/>\n<a href=\"mailto:m.stein@lueck.de\">m.stein\u00ad@lueck.de<\/a><\/p>\n<p><a href=\"#kontakt\">Termin \/ R\u00fcckruf <\/a><\/p>\n<p><!-- #2b --><\/p>\n<p><img decoding=\"async\" src=\"https:\/\/eurocomfort-showroom.de\/wp-content\/uploads\/2021\/09\/Aussendienst_Kersting.jpg\" \/><br \/>\nStefan Kersting<\/p>\n<p>Au\u00dfen\u00addienst Badenia\/L\u00fcck (M\u00fcnster\u00adland, Bremen, Nord\u00adwestliches Nieder\u00adsachsen, Ruhr\u00adgebiet, Nieder\u00adrhein, Ostwest\u00adfalen-Lippe, n\u00f6rdl. u. westl. NRW)<\/p>\n<p>Tel.:<br \/>\n+49 780 889-0<br \/>\nMobil:<br \/>\n+49 16 099 459 995<\/p>\n<p><a href=\"mailto:s.kersting@badenia-bettcomfort.de\">s.kersting\u00ad@badenia-bettcomfort.de<\/a><br \/>\n<a href=\"mailto:s.kersting@lueck.de\">s.kersting\u00ad@lueck.de<\/a><\/p>\n<p><a href=\"#kontakt\">Termin \/ R\u00fcckruf <\/a><\/p>\n<p><!-- #2c --><\/p>\n<p><img decoding=\"async\" src=\"https:\/\/eurocomfort-showroom.de\/wp-content\/uploads\/2025\/02\/Aussendienst_Pallent.jpg\" \/><br \/>\nMichael Pallent<\/p>\n<p>Au\u00dfen\u00addienst Badenia\/L\u00fcck (Berlin, Brandenburg, Mecklenburg-Vorpommern, Th\u00fcringen, Sachsen, Sachsen-Anhalt)<\/p>\n<p>Tel.:<br \/>\n+49 780 889-0<br \/>\nMobil:<br \/>\n+49 1 51 443 540 73<\/p>\n<p><a href=\"mailto:m.pallent@badenia-bettcomfort.de\">m.pallent@badenia-bettcomfort.de<\/a><\/p>\n<p><a href=\"#kontakt\">Termin \/ R\u00fcckruf <\/a><\/p>\n<p><!-- #2d --><\/p>\n<p><img decoding=\"async\" src=\"https:\/\/eurocomfort-showroom.de\/wp-content\/uploads\/2021\/09\/Aussendienst_Engels.jpg\" \/><br \/>\nMarcel Engels<\/p>\n<p>Au\u00dfen\u00addienst Badenia\/L\u00fcck (Rhein\u00adland, Hessen, Rhein\u00adland Pfalz, S\u00fcdliches NRW, Saarland)<\/p>\n<p>Tel.:<br \/>\n+49 780 889-0<br \/>\nMobil:<br \/>\n+49 1 707 132 647<\/p>\n<p><a href=\"mailto:m.engels@badenia-bettcomfort.de\">m.engels@badenia-bettcomfort.de<\/a><br \/>\n<a href=\"mailto:m.engels@lueck.de\">m.engels@lueck.de<\/a><\/p>\n<p><a href=\"#kontakt\">Termin \/ R\u00fcckruf <\/a><\/p>\n<p><!-- Reihe 3 --><\/p>\n<p><!-- #3a --><\/p>\n<p><img decoding=\"async\" src=\"https:\/\/eurocomfort-showroom.de\/wp-content\/uploads\/2021\/08\/aussendienst_kasimir-heinke.jpg\" \/><br \/>\nDaniela Kasimir-Heinke<\/p>\n<p>Au\u00dfen\u00addienst Badenia\/L\u00fcck (Bayern)<\/p>\n<p>Tel.:<br \/>\n+49 172 7635712<\/p>\n<p><a href=\"mailto:d.kasimir-heinke@badenia-bettcomfort.de\">d.kasimir-heinke\u00ad@badenia-bettcomfort.de<\/a><br \/>\n<a href=\"mailto:d.kasimir-heinke@lueck.de\">d.kasimir-heinke\u00ad@lueck.de<\/a><\/p>\n<p><a href=\"#kontakt\">Termin \/ R\u00fcckruf <\/a><\/p>\n<p><!-- #3b --><\/p>\n<p><img decoding=\"async\" src=\"https:\/\/eurocomfort-showroom.de\/wp-content\/uploads\/2021\/08\/aussendienst_mueller.jpg\" \/><br \/>\nThomas M\u00fcller<\/p>\n<p>Au\u00dfendienst Badenia\/L\u00fcck (Baden W\u00fcrttemberg &amp; Schweiz)<\/p>\n<p>Mobil:<br \/>\n+49 172 614 74 61<\/p>\n<p><a href=\"mailto:t.mueller@lueck.de\">t.mueller\u00ad@lueck.de<\/a><br \/>\n<a href=\"mailto:t.mueller@badenia-bettcomfort.de\">t.mueller\u00ad@badenia-bettcomfort.de<\/a><\/p>\n<p><a href=\"#kontakt\">Termin \/ R\u00fcckruf <\/a><\/p>\n<p><!-- #3c --><\/p>\n<p><img decoding=\"async\" src=\"https:\/\/eurocomfort-showroom.de\/wp-content\/uploads\/2021\/08\/aussendienst_baier.jpg\" \/><br \/>\nEmmerich Baier<\/p>\n<p>Au\u00dfendienst Badenia\/L\u00fcck (\u00d6sterreich)<\/p>\n<p>Mobil:<br \/>\n+43 664 751 40 120<\/p>\n<p><a href=\"mailto:e.baier@lueck.de\">e.baier@lueck.de<\/a><\/p>\n<p><a href=\"#kontakt\">Termin \/ R\u00fcckruf <\/a><\/p>\n<p><!-- #3d --><\/p>\n<p>Klicken und ziehen Sie die Maus, um sich im Raum umzusehen.<\/p>\n<p><img decoding=\"async\" src=\"https:\/\/eurocomfort-showroom.de\/wp-content\/uploads\/2021\/08\/virtualtour-help_1a.png\" \/><\/p>\n<p>Oder verwenden Sie die Pfeiltasten, um sich nach links und rechts zu bewegen.<\/p>\n<p>Klicken Sie auf die Ringe im Raum, um sich dorthin zu bewegen.<\/p>\n<p><img decoding=\"async\" src=\"https:\/\/eurocomfort-showroom.de\/wp-content\/uploads\/2021\/08\/virtualtour-help_2a.png\" \/><\/p>\n<p>Oder verwenden Sie die Pfeiltasten, um sich vorw\u00e4rts und r\u00fcckw\u00e4rts zu bewegen.<\/p>\n<p>Verwenden Sie das Scrollrad zum Vergr\u00f6\u00dfern und Verkleinern.<\/p>\n<p><img decoding=\"async\" src=\"https:\/\/eurocomfort-showroom.de\/wp-content\/uploads\/2021\/08\/virtualtour-help_3a.png\" \/><\/p>\n<p>Oder verwenden Sie die Plus- und Minus-Taste zum Vergr\u00f6\u00dfern und Verkleinern.<\/p>\n<p><!--h3 class=\"heading-section-title\"&gt;-->Ihre<br \/>\nAnsprech\u00adpartner<\/p>\n<p>Ansprechpartner Wohnen<\/p>\n<p>Manfred Merten<\/p>\n<p><img decoding=\"async\" src=\"https:\/\/eurocomfort-showroom.de\/wp-content\/uploads\/2021\/08\/aussendienst_merten.jpg\" \/><\/p>\n<p>Vertriebsleitung M\u00f6belhandel<br \/>\nTelefon.: +49 2871 9979-510<br \/>\nMobil: +49 171 960 61 52<br \/>\n <a href=\"mailto:m.merten@lueck.de\">m.merten@lueck.de<\/a><\/p>\n<p><a href=\"#kontakt\">Termin \/ R\u00fcckruf <\/a><\/p>\n<p>Emmerich Baier<\/p>\n<p><img decoding=\"async\" src=\"https:\/\/eurocomfort-showroom.de\/wp-content\/uploads\/2021\/08\/aussendienst_baier.jpg\" \/><\/p>\n<p>Vertriebsleitung M\u00f6belhandel<br \/>\nMobil: +43 664 751 40 120<br \/>\n <a href=\"mailto:baier.emmerich@gmail.com\">baier.emmerich@gmail.com<\/a><\/p>\n<p><a href=\"#kontakt\">Termin \/ R\u00fcckruf <\/a><\/p>\n<p>Stephan Gro\u00df<\/p>\n<p><img decoding=\"async\" src=\"https:\/\/eurocomfort-showroom.de\/wp-content\/uploads\/2021\/08\/aussendienst_gross.jpg\" \/><\/p>\n<p>Verkaufsrepr\u00e4sentant Polsterm\u00f6bel | Nord- und Ostdeutschland<br \/>\nMobil: +49 175 469 99 58<br \/>\n <a href=\"mailto:s.gross@lueck.de\">s.gross@lueck.de<\/a><\/p>\n<p><a href=\"#kontakt\">Termin \/ R\u00fcckruf <\/a><\/p>\n<p>Benedikt Gr\u00fctter<\/p>\n<p><img decoding=\"async\" src=\"https:\/\/eurocomfort-showroom.de\/wp-content\/uploads\/2021\/08\/aussendienst_gruetter.jpg\" \/><\/p>\n<p>Verkaufsrepr\u00e4sentant Polsterm\u00f6bel | Deutschland West\/S\u00fcdwest<br \/>\nMobil: +49 151 250 274 72<br \/>\n <a href=\"mailto:b.gruetter@lueck.de\">b.gruetter@lueck.de<\/a><\/p>\n<p><a href=\"#kontakt\">Termin \/ R\u00fcckruf <\/a><\/p>\n<p>Schlafen<\/p>\n<p>Thomas M\u00fcller<\/p>\n<p><img decoding=\"async\" src=\"https:\/\/eurocomfort-showroom.de\/wp-content\/uploads\/2021\/08\/aussendienst_mueller.jpg\" \/><\/p>\n<p>Verkaufsrepr\u00e4sentant | Deutschland S\u00fcd &amp; Schweiz<br \/>\nMobil: +49 172 614 74 61<br \/>\n <a href=\"mailto:t.mueller@lueck.de\">t.mueller@lueck.de<\/a><\/p>\n<p><a href=\"#kontakt\">Termin \/ R\u00fcckruf <\/a><\/p>\n<p>Rafael Torres<\/p>\n<p><img decoding=\"async\" src=\"https:\/\/eurocomfort-showroom.de\/wp-content\/uploads\/2021\/08\/aussendienst_torres.jpg\" \/><\/p>\n<p>Export Director<br \/>\nTel.: + 49 28 71 219 70 &#8211; 21<br \/>\nMobil: + 49 173 2 096 871<br \/>\n <a href=\"mailto:r.torres@eurocomfort.de\">r.torres@eurocomfort.de<\/a><\/p>\n<p><a href=\"#kontakt\">Termin \/ R\u00fcckruf <\/a><br \/>\n<!--p class=\"text-center\"&gt;[sx_button link=\"\" colors=\"A\" border=\"yes\"]Produkte in 360\u00b0 Tour [\/sx_button]&lt;\/p--><br \/>\n\t\t\t\tHeinz Willing<\/p>\n<p><img decoding=\"async\" src=\"https:\/\/eurocomfort-showroom.de\/wp-content\/uploads\/2021\/08\/aussendienst_person.png\" \/><\/p>\n<p>Vertriebsleiter Rhombo-Medical<br \/>\nTel.: +49 2871 9979-84<br \/>\n <a href=\"mailto:h.willing@lueck.de\">h.willing@lueck.de<\/a><\/p>\n<p><a href=\"#kontakt\">Termin \/ R\u00fcckruf <\/a><\/p>\n<p>Michael Stein<\/p>\n<p><img decoding=\"async\" src=\"https:\/\/eurocomfort-showroom.de\/wp-content\/uploads\/2021\/08\/aussendienst_stein.jpg\" \/><\/p>\n<p>Vertriebsleiter \/ Au\u00dfendienst Brinkhaus (Hamburg, Schleswig-Holstein, Mitte- S\u00fcd-und \u00d6stliches Niedersachsen, Nord Hessen)<br \/>\nTel.: +49 780 889-0<br \/>\nMobil: +49 1 607 003 022<br \/>\n <a href=\"mailto:m.stein@badenia-bettcomfort.de\">m.stein@badenia-bettcomfort.de<\/a><\/p>\n<p><a href=\"#kontakt\">Termin \/ R\u00fcckruf <\/a><\/p>\n<p>Daniela Kasimir-Heinke<\/p>\n<p><img decoding=\"async\" src=\"https:\/\/eurocomfort-showroom.de\/wp-content\/uploads\/2021\/08\/aussendienst_kasimir-heinke.jpg\" \/><\/p>\n<p>Au\u00dfendienst Brinkhaus (Bayern)<br \/>\nTel.: +49 172 7635712<br \/>\n <a href=\"mailto:d.kasimir-heinke@badenia-bettcomfort.de\">d.kasimir-heinke@badenia-bettcomfort.de<\/a><\/p>\n<p><a href=\"#kontakt\">Termin \/ R\u00fcckruf <\/a><\/p>\n<p>Matthias B\u00fchler<\/p>\n<p><img decoding=\"async\" src=\"https:\/\/eurocomfort-showroom.de\/wp-content\/uploads\/2021\/08\/aussendienst_person.png\" \/><\/p>\n<p>Au\u00dfendienst Brinkhaus (Baden-W\u00fcrttemberg)<br \/>\nTel.: +49 711 568 838<br \/>\nMobil: +49 1 726 284 652<br \/>\n <a href=\"mailto:buehler.textil@t-online.de\">buehler.textil@t-online.de<\/a><\/p>\n<p><a href=\"#kontakt\">Termin \/ R\u00fcckruf <\/a><\/p>\n<p>Stefan Kersting<\/p>\n<p><img decoding=\"async\" src=\"https:\/\/eurocomfort-showroom.de\/wp-content\/uploads\/2021\/09\/Aussendienst_Kersting.jpg\" \/><\/p>\n<p>Au\u00dfendienst Brinkhaus (M\u00fcnsterland, Bremen, Nordwestliches Niedersachsen, Ruhrgebiet, Niederrhein, Ostwestfalen-Lippe, n\u00f6rdl. u. westl. NRW)<br \/>\nTel.: +49 780 889-0<br \/>\nMobil: +49 16 099 459 995<br \/>\n <a href=\"mailto:s.kersting@badenia-bettcomfort.de\">s.kersting@badenia-bettcomfort.de<\/a><\/p>\n<p><a href=\"#kontakt\">Termin \/ R\u00fcckruf <\/a><\/p>\n<p>Marcel Engels<\/p>\n<p><img decoding=\"async\" src=\"https:\/\/eurocomfort-showroom.de\/wp-content\/uploads\/2021\/09\/Aussendienst_Engels.jpg\" \/><\/p>\n<p>Au\u00dfendienst Brinkhaus (Rheinland, Hessen, Rheinland Pfalz, S\u00fcdliches NRW, Saarland, Luxemburg, Ost-Belgien)<br \/>\nTel.: +49 780 889-0<br \/>\nMobil: +49 1 707 132 647<br \/>\n <a href=\"mailto:m.engels@badenia-bettcomfort.de\">m.engels@badenia-bettcomfort.de<\/a><\/p>\n<p><a href=\"#kontakt\">Termin \/ R\u00fcckruf <\/a><\/p>\n<p>Marvin Gro\u00df-Hardt<\/p>\n<p><img decoding=\"async\" src=\"\" \/><\/p>\n<p>Junior Sales Manager Brinkhaus Hospitality<br \/>\nTel.: +49 2871 9979-3310<br \/>\n <a href=\"mailto:m.gross-hardt@brinkhaus.de\">m.gross-hardt@brinkhaus.de<\/a><\/p>\n<p><a href=\"#kontakt\">Termin \/ R\u00fcckruf <\/a><\/p>\n<p>Impressionen<\/p>\n<p><a href=\"\"><\/p>\n<p><img decoding=\"async\" src=\"https:\/\/eurocomfort-showroom.de\/wp-content\/uploads\/2021\/08\/IMG_4102.mov_snapshot.jpg\" \/><\/p>\n<p><\/a><\/p>\n<p><!--div data-oembed-url=\"https:\/\/vimeo.com\/600805358\"&gt;--><\/p>\n<p>Time to chill: Sofa mit motorisch verstellbarer Fu\u00dfst\u00fctze<\/p>\n<p>Bequemlichkeit und Komfort ganz einfach auf Knopfdruck bietet die Funktion der motorischen Fu\u00dfst\u00fctze, die f\u00fcr viele Ewald Schillig Sofamodelle optional lieferbar ist.<\/p>\n<p>Details:<\/p>\n<p>MARKE: Ewald Schillig<br \/>\n\tFunktion: motorische Fu\u00dfst\u00fctze<\/p>\n<p><a href=\"#ansprechpartner\">Interesse?<\/a><\/p>\n<p><a href=\"\"><\/p>\n<p><img decoding=\"async\" src=\"https:\/\/eurocomfort-showroom.de\/wp-content\/uploads\/2021\/08\/showroom_Datei_002.jpg\" \/><\/p>\n<p><\/a><\/p>\n<p><a href=\"\"><\/p>\n<p><img decoding=\"async\" src=\"https:\/\/eurocomfort-showroom.de\/wp-content\/uploads\/2021\/08\/showroom_Datei_007.jpg\" \/><\/p>\n<p><\/a><\/p>\n<p><a href=\"\"><\/p>\n<p><img decoding=\"async\" src=\"https:\/\/eurocomfort-showroom.de\/wp-content\/uploads\/2021\/08\/showroom_Datei_012.jpg\" \/><\/p>\n<p><\/a><\/p>\n<p><a href=\"\"><\/p>\n<p><img decoding=\"async\" src=\"https:\/\/eurocomfort-showroom.de\/wp-content\/uploads\/2021\/08\/showroom_Datei_013.jpg\" \/><\/p>\n<p><\/a><\/p>\n<p><a href=\"\"><\/p>\n<p><img decoding=\"async\" src=\"https:\/\/eurocomfort-showroom.de\/wp-content\/uploads\/2021\/08\/showroom_Datei_017.jpg\" \/><\/p>\n<p><\/a><\/p>\n<p><a href=\"\"><\/p>\n<p><img decoding=\"async\" src=\"https:\/\/eurocomfort-showroom.de\/wp-content\/uploads\/2021\/08\/showroom_Datei_019.jpg\" \/><\/p>\n<p><\/a><\/p>\n<p><a href=\"\"><\/p>\n<p><img decoding=\"async\" src=\"https:\/\/eurocomfort-showroom.de\/wp-content\/uploads\/2021\/08\/showroom_Datei_020.jpg\" \/><\/p>\n<p><\/a><\/p>\n<p><a href=\"\"><\/p>\n<p><img decoding=\"async\" src=\"https:\/\/eurocomfort-showroom.de\/wp-content\/uploads\/2021\/08\/showroom_Datei_024.jpg\" \/><\/p>\n<p><\/a><\/p>\n<p><a href=\"\"><\/p>\n<p><img decoding=\"async\" src=\"https:\/\/eurocomfort-showroom.de\/wp-content\/uploads\/2021\/08\/showroom_Datei_029.jpg\" \/><\/p>\n<p><\/a><\/p>\n<p><a href=\"\"><\/p>\n<p><img decoding=\"async\" src=\"https:\/\/eurocomfort-showroom.de\/wp-content\/uploads\/2021\/08\/showroom_Datei_064.jpg\" \/><\/p>\n<p><\/a><\/p>\n<p><a href=\"\"><\/p>\n<p><img decoding=\"async\" src=\"https:\/\/eurocomfort-showroom.de\/wp-content\/uploads\/2021\/08\/showroom_Datei_046.jpg\" \/><\/p>\n<p><\/a><\/p>\n<p><a href=\"\"><\/p>\n<p><img decoding=\"async\" src=\"https:\/\/eurocomfort-showroom.de\/wp-content\/uploads\/2021\/08\/showroom_Datei_081.jpg\" \/><\/p>\n<p><\/a><\/p>\n<p><a href=\"\"><\/p>\n<p><img decoding=\"async\" src=\"https:\/\/eurocomfort-showroom.de\/wp-content\/uploads\/2021\/08\/showroom_Datei_084.jpg\" \/><\/p>\n<p><\/a><\/p>\n<p><a href=\"\"><\/p>\n<p><img decoding=\"async\" src=\"https:\/\/eurocomfort-showroom.de\/wp-content\/uploads\/2021\/08\/showroom_Datei_119.jpg\" \/><\/p>\n<p><\/a><\/p>\n<p><a href=\"\"><\/p>\n<p><img decoding=\"async\" src=\"https:\/\/eurocomfort-showroom.de\/wp-content\/uploads\/2021\/08\/showroom_Datei_122.jpg\" \/><\/p>\n<p><\/a><\/p>\n<p><a href=\"\"><\/p>\n<p><img decoding=\"async\" src=\"https:\/\/eurocomfort-showroom.de\/wp-content\/uploads\/2021\/08\/showroom_Datei_136.jpg\" \/><\/p>\n<p><\/a><\/p>\n<p><a href=\"\"><\/p>\n<p><img decoding=\"async\" src=\"https:\/\/eurocomfort-showroom.de\/wp-content\/uploads\/2021\/08\/showroom_Datei_142.jpg\" \/><\/p>\n<p><\/a><\/p>\n<p><a href=\"\"><\/p>\n<p><img decoding=\"async\" src=\"https:\/\/eurocomfort-showroom.de\/wp-content\/uploads\/2021\/08\/showroom_Datei_168.jpg\" \/><\/p>\n<p><\/a><\/p>\n<p><a href=\"\"><\/p>\n<p><img decoding=\"async\" src=\"https:\/\/eurocomfort-showroom.de\/wp-content\/uploads\/2021\/08\/showroom_Datei_172.jpg\" \/><\/p>\n<p><\/a><\/p>\n<p>DER SHOWROOM IN DER PRESSE<br \/>\nWas andere \u00fcber uns schreiben<\/p>\n<p>Blickpunkt M\u00f6belmarkt<br \/>\n04\/21<br \/>\n<a href=\"https:\/\/eurocomfort-showroom.de\/wp-content\/uploads\/2021\/08\/presse_blickpunkt_moebelmarkt_04-21.pdf\" target=\"_blank\"><img decoding=\"async\" src=\"https:\/\/eurocomfort-showroom.de\/wp-content\/uploads\/2021\/08\/presse_2.jpg\" \/><\/a><\/p>\n<p><a href=\"https:\/\/eurocomfort-showroom.de\/wp-content\/uploads\/2021\/08\/presse_blickpunkt_moebelmarkt_04-21.pdf\" target=\"_blank\">\u2192 Lesen<\/a><\/p>\n<p>M\u00f6belkultur<br \/>\n04\/21<br \/>\n<a href=\"https:\/\/eurocomfort-showroom.de\/wp-content\/uploads\/2021\/08\/presse_moebelkultur_04-21.pdf\" target=\"_blank\"><img decoding=\"async\" src=\"https:\/\/eurocomfort-showroom.de\/wp-content\/uploads\/2021\/08\/presse_1.jpg\" \/><\/a><\/p>\n<p><a href=\"https:\/\/eurocomfort-showroom.de\/wp-content\/uploads\/2021\/08\/presse_moebelkultur_04-21.pdf\" target=\"_blank\">\u2192 Lesen<\/a><\/p>\n<p>Kontakt<\/p>\n<p>Wir sind f\u00fcr Sie da.<\/p>\n<p>Telefon: +49 (0) 2871\/9979-0<\/p>\n<p>Euro Comfort Holding GmbH<br \/>\nVennweg 22<br \/>\n46395 Bocholt<\/p>\n<p><a href=\"mailto:info@eurocomfort.de\">info@eurocomfort.de<\/a><\/p>\n<p><a href=\"https:\/\/eurocomfort.de\/\">https:\/\/eurocomfort.de\/<\/a><br \/>\n<!--p class=\"text-right\"&gt;--><a href=\"https:\/\/www.facebook.com\/fabrikverkauf-badenia-bettcomfort-1095216787237699\/\" target=\"_blank\"><i class=\"fa fa-3x fa-facebook\"><\/i><\/a><\/p>\n<p><a href=\"https:\/\/twitter.com\/hashtag\/EwaldSchillig?src=hashtag_click\" target=\"_blank\"><i class=\"fa fa-3x fa-twitter\"><\/i><\/a><\/p>\n<p><a href=\"https:\/\/www.youtube.com\/channel\/UCYHmXY3DBf9G6lgD5oOAKkQ\" target=\"_blank\"><i class=\"fa fa-3x fa-youtube\"><\/i><\/a><\/p>\n<p><a href=\"https:\/\/www.instagram.com\/ewald.schillig\/\" target=\"_blank\"><i class=\"fa fa-3x fa-instagram\"><\/i><\/a><\/p>\n<p><a href=\"https:\/\/www.linkedin.com\/company\/badenia-bettcomfort-gmbh-&amp;-co-kg\/about\/\" target=\"_blank\"><i class=\"fa fa-3x fa-linkedin\"><\/i><\/a>\t\t\t\t<\/p>\n<p>Kontakt\u00adaufnahme und Termin\u00adverein\u00adbarung<\/p>\n<p>Vor- und Nachname *<\/p>\n<p>Firma *<\/p>\n<p>E-Mail *<\/p>\n<p>Telefon *<\/p>\n<p>&lt;!&#8211; Ich interessiere mich f\u00fcr<br \/>\nWohnenSchlafen<br \/>\n&#8211;&gt;<br \/>\nW\u00e4hlen Sie einen Ansprechpartner<br \/>\nRafael Torres &#8211; Export DirectorMarkus Langela &#8211; Vertriebsleiter Rhombo-Medical \/ ObjektRalf Werner &#8211; Vertriebs\u00adleitung M\u00f6belhandelAlexander Ernsting &#8211; Vertriebs\u00adleitung \/ Produkt\u00admanager Box\u00adspring\u00adbettenMichael Stein &#8211; Vertriebs\u00adleitung \/ Au\u00dfen\u00addienst Badenia\/L\u00fcck (Hamburg, Schleswig-Holstein, Mitte- S\u00fcd-und \u00d6stliches Nieder\u00adsachsen, Nord Hessen)Stefan Kersting &#8211; Au\u00dfen\u00addienst Badenia\/L\u00fcck (M\u00fcnster\u00adland, Bremen, Nord\u00adwestliches Nieder\u00adsachsen, Ruhr\u00adgebiet, Nieder\u00adrhein, Ostwest\u00adfalen-Lippe, n\u00f6rdl. u. westl. NRW)Michael Pallent &#8211; Au\u00dfen\u00addienst Badenia\/L\u00fcck (Berlin, Brandenburg, Mecklenburg-Vorpommern, Th\u00fcringen, Sachsen, Sachsen-Anhalt)Marcel Engels &#8211; Au\u00dfen\u00addienst Badenia\/L\u00fcck (Rhein\u00adland, Hessen, Rhein\u00adland Pfalz, S\u00fcdliches NRW, Saarland)Daniela Kasimir-Heinke &#8211; Au\u00dfen\u00addienst Badenia\/L\u00fcck (Bayern)Thomas M\u00fcller &#8211; Au\u00dfendienst Badenia\/L\u00fcck (Baden W\u00fcrttemberg &amp; Schweiz)Emmerich Baier &#8211; Au\u00dfendienst Badenia\/L\u00fcck (\u00d6sterreich)<\/p>\n<p>Mein Wunschtermin<\/p>\n<p>Ich bitte um R\u00fcckruf<\/p>\n<p>Nachricht *<\/p>\n<p>Ich habe die Hinweise zum Datenschutz zur Kenntnis genommen. *<\/p>\n<p><a href=\"https:\/\/eurocomfort.de\/datenschutzerklaerung\/\" target=\"_blank\">\u2192 Datenschutzerkl\u00e4rung<\/a><\/p>\n<p>You need to enable Javascript for the anti-spam check.<\/p>\n","protected":false},"excerpt":{"rendered":"<p class=\"excerpt\">WELCOME TO OUR SHOWROOM Unsere Produkte | Unsere Marken | Alles an einem Ort In unserem Showroom finden ab sofort die Kunden aus dem M\u00f6bel- und Bettenfachhandel auf rund 1.600 qm optimale Bedingungen f\u00fcr Informationen, Sortimentsauswahl und Entwicklungs-Gespr\u00e4che. Und das f\u00fcr alle Marken und Sortimente des Unternehmens: Von den Bettwaren \u00fcber Matratzen und Boxspringbetten bis [&hellip;]<\/p>\n","protected":false},"author":2,"featured_media":0,"parent":0,"menu_order":0,"comment_status":"closed","ping_status":"closed","template":"builder.php","meta":{"footnotes":""},"class_list":["post-40","page","type-page","status-publish","hentry"],"_links":{"self":[{"href":"https:\/\/eurocomfort-showroom.de\/index.php\/wp-json\/wp\/v2\/pages\/40","targetHints":{"allow":["GET"]}}],"collection":[{"href":"https:\/\/eurocomfort-showroom.de\/index.php\/wp-json\/wp\/v2\/pages"}],"about":[{"href":"https:\/\/eurocomfort-showroom.de\/index.php\/wp-json\/wp\/v2\/types\/page"}],"author":[{"embeddable":true,"href":"https:\/\/eurocomfort-showroom.de\/index.php\/wp-json\/wp\/v2\/users\/2"}],"replies":[{"embeddable":true,"href":"https:\/\/eurocomfort-showroom.de\/index.php\/wp-json\/wp\/v2\/comments?post=40"}],"version-history":[{"count":316,"href":"https:\/\/eurocomfort-showroom.de\/index.php\/wp-json\/wp\/v2\/pages\/40\/revisions"}],"predecessor-version":[{"id":979,"href":"https:\/\/eurocomfort-showroom.de\/index.php\/wp-json\/wp\/v2\/pages\/40\/revisions\/979"}],"wp:attachment":[{"href":"https:\/\/eurocomfort-showroom.de\/index.php\/wp-json\/wp\/v2\/media?parent=40"}],"curies":[{"name":"wp","href":"https:\/\/api.w.org\/{rel}","templated":true}]}}